ulate m(w).
1
Let a(w) be the third derivative of -w**6/120 - 7*w**5/60 - w**3/3 + 277*w**2. Suppose -2*p - 32 = -5*b, -p + 4*b = 2*b + 14. Determine a(p).
-38
Let i(s) = 20 + 11 + 11*s - 62 + 18 + 11. Determine i(-1).
-13
Suppose 204 = 123*k - 72*k. Let g(q) be the second derivative of -1/2*q**3 - 20*q - 1/2*q**2 + 1/6*q**k + 1/20*q**5 + 0. What is g(-3)?
-1
Let r(b) = 2*b**3 + 139*b**2 - 71*b - 69. Let u be r(-70). Let k(s) = -31*s + 21. Calculate k(u).
-10
Suppose 2*k + 0 = 6. Let j(p) = -2. Let r(m) = -4*m + 76. Let v be r(18). Let c(b) = -b + 4. Let x(g) = v*j(g) + c(g). Give x(k).
-7
Let t(h) = -2*h**2 + 8*h - 1. Let q be (-3)/(((-39)/(-26))/((-2)/4)). Let y be t(q). Let d(l) = -l**3 + 5*l**2 + l + 1. Determine d(y).
6
Let m(g) = -19 + 175*g - 60*g - 57*g - 61*g + 4. Give m(-6).
3
Suppose -98 = 7*b - 2723. Suppose -b*j - 36 = -369*j. Let w(t) = 5*t - 7. What is w(j)?
-37
Let r(z) = -z**2 - 34*z + 34. Suppose -3*v = 39*u - 37*u + 103, -3*u + 178 = -5*v. Give r(v).
-1
Let x be (11 - 1)/(27/6 + -4). Let p(b) = -138 + 70 + x*b**3 + 67 + 0*b**3. Give p(-1).
-21
Let r(a) = 2*a**3 + 18*a**2 - 10. Let g(d) = -d**3 - 8*d**2 + 4. Let h(q) = 9*g(q) + 4*r(q). Suppose 3*m = 2*o + m + 10, -3*m = -2*o - 15. Give h(o).
-4
Let a(v) = -v**2 - 25*v - 47. Let z(w) = -w**2 + 190*w + 3273. Let p be z(-16). Calculate a(p).
-1
Let s(l) = 5*l. Let c(u) = 9*u - 76. Let w be c(9). Suppose -8*k + 3 = -w. Calculate s(k).
5
Suppose 0 = 2*b + 211 - 205, 3*a - b = 9. Let i(j) be the third derivative of -j**5/60 - j**4/6 + j**3/2 + 2*j**2. Give i(a).
-9
Let i be (-26)/(-7) - (-6)/21. Suppose 0 = -i*l - 2*l + 12. Let n(g) = -19 + 2*g**2 + 17 + 8*g - 3*g**l. Determine n(7).
5
Let i(d) be the third derivative of -d**4/24 - 2*d**3/3 - 9*d**2. Let q(p) = 2*p**3 + 2*p**2 - p - 4. Let v be q(-2). Calculate i(v).
6
Suppose -4*y = 2*l - 24, -3*l + 5*y = 13 + 6. Suppose 0 = -l*o - 3*h + 4, -h - 3*h = 4*o. Let q(t) = -4*t - 4. What is q(o)?
12
Let s(w) = -13*w**2 + w + 9. Let c be s(4). Let i be 6*3/(-6) + -27. Let a be i/c - 28/13. Let t(b) = 2*b**3 + 2*b**2 - 2*b. Give t(a).
-4
Let d(r) = -20*r + 23 + 4*r**2 + 21 - 44 - 7 - 73*r. What is d(23)?
-30
Let b(k) = -4*k - 37. Let n(y) = 9*y + 94. Let r(q) = 5*b(q) + 2*n(q). Give r(-10).
23
Let q(k) = 27*k**2 - k. Let p be (-232 + -3)*(-36)/(-90). Let j = p + 95. Give q(j).
26
Let i(s) = 6*s + 8. Let q(j) = 126*j - 1267. Let p be q(10). What is i(p)?
-34
Let l(f) = f**3 + 6*f**2 + 10*f + 9. Suppose -142*y - 298 = -37*y + 122. Give l(y).
1
Let q = 3552 - 3542. Let l(i) = -i**2 + 16*i - 60. Determine l(q).
0
Suppose 4*l = l - 15. Let x(n) be the first derivative of n**4/4 + 2*n**3 + 2*n**2 + 3013. Determine x(l).
5
Let w(q) = -5*q - 17. Suppose 27 = -g + 8*g + 41. Give w(g).
-7
Let d(j) = -j**2 + 2*j + 2. Let u = 35 - 31. Suppose 3*y - 9 = -x + y, u*x = 4*y. Determine d(x).
-1
Let c = 4043 + -4050. Let i(k) = 8*k + 10. Calculate i(c).
-46
Let u(d) = -d**3 + d + 10. Let f be 5 - (-4 + (-49)/(-7)). Suppose -4*k = -2*t + 16 - 4, f*t + 4*k = -12. What is u(t)?
10
Let w(y) be the third derivative of y**5/60 + y**4/2 - 34*y**3/3 + 209*y**2. Determine w(-16).
-4
Let w(l) be the first derivative of 57*l**4/4 + 2*l**3/3 - 3*l**2/2 + 2*l + 2112. What is w(1)?
58
Let m(w) = -2*w + 4. Let x be ((-1)/3 - -1)/(26/1443). Let t(k) = k - 47. Let r be t(x). Give m(r).
24
Let x be (-2 + 1)/((1 - -1)/2). Let s be x/(-1)*(4 + 4/(-2)). Suppose 3*u - 2*w = 0, 5*u + 0*w = -s*w. Let j(h) = -h**2 + h + 2. Determine j(u).
2
Let f(s) = -s**3 + 6*s**2 - 11*s + 3. Let k = -1246 + 1249. Calculate f(k).
-3
Suppose -103*i - 396 = -139*i. Let v(r) be the second derivative of 0 + 1/6*r**3 - 1/3*r**4 + 0*r**2 - i*r. Give v(-1).
-5
Let o(f) = -2*f + 1. Let t be o(3). Let d be (t - (3 + -7))/1. Let y(w) = -4*w**2 - 5*w + 3. Let k(x) = 2*x**2 + 3*x - 2. Let m(q) = 5*k(q) + 3*y(q). Give m(d).
-3
Let o(s) = s**3 - 16*s**2 - 39*s + 62. Let g be (-484 + 520)*1/2. Determine o(g).
8
Let h be (22/110)/((-22)/99 - (-29)/90). Let a(j) = j**2 + 3*j - 7. Determine a(h).
3
Let r(q) = q**3 + 4*q**2 + 2*q - 4. Let o(j) = -24*j - 6. Let a be o(3). Let v be ((-16)/(-5))/(3 + a/30). Let x = 5 - v. Give r(x).
-1
Let t = -174 - -180. Let b(s) = 3*s**2 - 9*s + 5. Let p be b(3). Let v(c) = -p - 2*c + 14*c - 9*c - 5*c. What is v(t)?
-17
Let x(z) = 70*z**3 + z - 34*z**3 + 1 - 34*z**3. Let f = 62 - 47. Suppose 2*w = -19 + f. Calculate x(w).
-17
Let z(s) = 2*s - 6*s**2 + 5*s**3 - 1124 + 11*s**3 + 1130 - 17*s**3. Let m = 5 - 11. Calculate z(m).
-6
Let p(z) = 3*z - 22. Let x be -4 - (12/(-10) + 8172/(-90)). Suppose -226 = -23*n - x. Give p(n).
-4
Let f(h) = -2*h**2 - 4*h + 1. Suppose -3*k = -5*k. Let j be k + (-3)/5 - (-34)/(-10). Let b be 6/j + -1 - 9/6. Calculate f(b).
-15
Let y(n) = -43*n**3 - 5*n**2 + 7*n - 3. Let g(d) = 11*d**3 + d**2 - 2*d + 1. Let t(a) = 4*g(a) + y(a). What is t(3)?
16
Let b(j) = 10*j + 1. Suppose 22*k - 17*k - 35 = 0. Let q(y) = -y. Let v be q(3). Let o be (4 - k)*v/9. What is b(o)?
11
Let w(c) be the first derivative of c**3/3 + c**2/2 - c - 3023. What is w(-5)?
19
Let p = -1084 + 1090. Let r(h) = -h**3 + 7*h**2 - 9*h + 9. Let k(c) = c**3 - 7*c**2 + 9*c - 9. Let l(j) = 6*k(j) + 5*r(j). What is l(p)?
9
Let w(r) = -7*r**2 - r - 7. Let v be 5/(225/30)*6/(-2). What is w(v)?
-33
Let i(f) = -f**3 + 10*f**2 - 6*f + 2. Suppose -4389*b = -4407*b + 126. Calculate i(b).
107
Let u(m) = 15. Let n(q) = q**2 - 8*q + 28. Let o(b) = -n(b) + 3*u(b). Give o(10).
-3
Let f(o) be the third derivative of 0*o + 0*o**3 + 6*o**2 + 5/24*o**4 + 0. Let q be (40/(-36))/(-5) + 49/63. Calculate f(q).
5
Let h(d) be the first derivative of -d**2/2 + 2*d + 7419. Calculate h(-12).
14
Let a(k) be the second derivative of -k**6/120 + k**5/60 - k**3 - 49*k**2/2 + 20*k. Let q(n) be the first derivative of a(n). Calculate q(0).
-6
Suppose -9 = 3*b + 4*m - 38, -5*b + 4*m + 27 = 0. Suppose p + b + 1 = 0. Let z(i) = -i**2 - 7*i - 9*i + 8*i + i**2 - i**2 + 4. What is z(p)?
4
Let u = -261 - -263. Let z be u/(-1) - (2 + -1). Let k(h) = -h**3 - 3*h**2 - h - 2. What is k(z)?
1
Let x(g) = 4*g - 31. Suppose 3*w = -2*t + 32, 41*w - 3*t - 12 = 38*w. Give x(w).
1
Let h(a) be the first derivative of 5*a**2 - 188*a + 4323. Determine h(18).
-8
Let v(n) = 4*n - 4 - 3*n - 4*n + 2. Suppose 0 = -2*o - 5*l - 12 + 53, 5*l = -o + 13. Suppose 38*a = o*a + 40. Give v(a).
-14
Let p be 2*4 + (12/11)/((-6)/33). Let u(n) be the third derivative of 0*n - 11/24*n**4 + 0 + 0*n**3 + 6*n**p. What is u(-2)?
22
Suppose -b = 2*p + 54, -5*p - 154 = 3*b + 4. Let l = -52 - b. Let s be (1/l)/((-2)/6)*-10. Let f(i) = i + 6. What is f(s)?
1
Let k = 14274 + -14269. Let g(h) = -h**2 - 3*h + 15. Calculate g(k).
-25
Let h(a) be the second derivative of a**4/24 - a**3/3 - 38*a**2 + a. Let c(y) be the first derivative of h(y). Calculate c(-4).
-6
Let w(y) = -3*y**2 + 4*y. Let n be ((-180)/(-24))/(6/4). Calculate w(n).
-55
Let v be (2/(-7))/(6/(-84)). Let l be -4 + (v/(-7))/((-14)/(-49)). Let z(u) = u**3 + 7*u**2 + 5*u - 4. What is z(l)?
2
Suppose -2*w + 9 = -5. Let i(t) = -77*t**3 + 3*t**2 - 42*t - 45. Let m(j) = 48*j**3 - j**2 + 26*j + 30. Let u(o) = -5*i(o) - 8*m(o). Determine u(w).
-1
Let p(w) = -27*w - 125. Let o = 19674 - 19680. Calculate p(o).
37
Let p(q) = -q**2 - 6*q + 7. Suppose -22 + 37 = 3*a. Suppose 20 = 5*w - a. Let s(o) = o**3 - 7*o**2 + 6*o + 15. Let z be s(w). Give p(z).
12
Let k(g) = -g**3 + 6*g**2 - 11*g + 7. Let f = 444 - 440. Calculate k(f).
-5
Let z(h) = 19*h**2 - 34*h - 2. Let v(q) = 49*q - 880. Let l be v(18). What is z(l)?
6
Suppose -2311 = -23*h + 7073. Let d = h - 412. Let f(x) = -5*x - 7. Give f(d).
13
Suppose 0 = 9*s - 72, 0 = -3*v - 42*s + 46*s - 77. Let u(h) = h**2 + 53*h + 569. What is u(v)?
-1
Suppose -33*u - 18*u + 24 + 435 = 0. Let y(l) = -l**3 + 8*l**2 + 9*l - 12. Calculate y(u).
-12
Suppose -84 = 7*m - 10*m. Let y be (4/8)/(2/m). Let b(h) be the third derivative of -h**5/60 + 5*h**4/24 + h**3/6 - 4*h**2. What is b(y)?
-13
Let k = -596 - -598. Suppose -4 = k*i + s - 2*s, -2*i = 5*s - 20. Let r(q) = q**2 + q - 3. What is r(i)?
-3
Let l(h) = 30*h**2 - 3*h - 70. Let r(b) = -18*b**2 + 2*b + 41. Let p(u) = 7*l(u) + 12*r(u). Calculate p(-1).
-7
Let i(z) = 68*z**2 + 98*z + 227. Let f(b) = 9*b**2 + 14*b + 32. Let h(a) = 15*f(a) - 2*i